{"id":199,"date":"2024-09-30T16:19:43","date_gmt":"2024-09-30T14:19:43","guid":{"rendered":"https:\/\/wordpress.p678085.webspaceconfig.de\/?page_id=199"},"modified":"2024-11-04T09:41:47","modified_gmt":"2024-11-04T08:41:47","slug":"leistungen-2","status":"publish","type":"page","link":"https:\/\/riohill.de\/index.php\/leistungen-2\/","title":{"rendered":"Leistungen"},"content":{"rendered":"\t\t<div data-elementor-type=\"wp-page\" data-elementor-id=\"199\" class=\"elementor elementor-199\" data-elementor-post-type=\"page\">\n\t\t\t\t<div class=\"elementor-element elementor-element-7469112a e-flex e-con-boxed e-con e-parent\" data-id=\"7469112a\" data-element_type=\"container\" data-settings=\"{&quot;background_background&quot;:&quot;classic&quot;}\">\n\t\t\t\t\t<div class=\"e-con-inner\">\n\t\t\t\t<div class=\"elementor-element elementor-element-6e885809 elementor-widget__width-initial elementor-widget elementor-widget-image\" data-id=\"6e885809\" data-element_type=\"widget\" data-widget_type=\"image.default\">\n\t\t\t\t<div class=\"elementor-widget-container\">\n\t\t\t\t\t\t\t\t\t\t\t\t\t<img fetchpriority=\"high\" decoding=\"async\" width=\"2560\" height=\"1440\" src=\"https:\/\/riohill.de\/wp-content\/uploads\/2024\/09\/KNX-Planung-Architekten-scaled.jpg\" class=\"attachment-full size-full wp-image-41\" alt=\"\" srcset=\"https:\/\/riohill.de\/wp-content\/uploads\/2024\/09\/KNX-Planung-Architekten-scaled.jpg 2560w, https:\/\/riohill.de\/wp-content\/uploads\/2024\/09\/KNX-Planung-Architekten-300x169.jpg 300w, https:\/\/riohill.de\/wp-content\/uploads\/2024\/09\/KNX-Planung-Architekten-1024x576.jpg 1024w, https:\/\/riohill.de\/wp-content\/uploads\/2024\/09\/KNX-Planung-Architekten-768x432.jpg 768w, https:\/\/riohill.de\/wp-content\/uploads\/2024\/09\/KNX-Planung-Architekten-1536x864.jpg 1536w, https:\/\/riohill.de\/wp-content\/uploads\/2024\/09\/KNX-Planung-Architekten-2048x1152.jpg 2048w\" sizes=\"(max-width: 2560px) 100vw, 2560px\" \/>\t\t\t\t\t\t\t\t\t\t\t\t\t<\/div>\n\t\t\t\t<\/div>\n\t\t<div class=\"elementor-element elementor-element-4d19d99d e-con-full e-flex e-con e-child\" data-id=\"4d19d99d\" data-element_type=\"container\">\n\t\t\t\t<div class=\"elementor-element elementor-element-5d203643 elementor-widget elementor-widget-heading\" data-id=\"5d203643\" data-element_type=\"widget\" data-widget_type=\"heading.default\">\n\t\t\t\t<div class=\"elementor-widget-container\">\n\t\t\t<h2 class=\"elementor-heading-title elementor-size-default\">Unsere Leistungen<\/h2>\t\t<\/div>\n\t\t\t\t<\/div>\n\t\t\t\t<div class=\"elementor-element elementor-element-14114953 elementor-widget__width-initial elementor-widget elementor-widget-text-editor\" data-id=\"14114953\" data-element_type=\"widget\" data-widget_type=\"text-editor.default\">\n\t\t\t\t<div class=\"elementor-widget-container\">\n\t\t\t\t\t\t\t<p>Ganz gleich, ob zukunftsweisender Neubau, intelligenter Umbau, effizientes Energiemanagement oder vernetzte Automatisierung, zusammen mit unseren Partnern stehen wir Ihnen bei Ihrem Projekt zur Seite.<\/p>\t\t\t\t\t\t<\/div>\n\t\t\t\t<\/div>\n\t\t\t\t<div class=\"elementor-element elementor-element-90f44cd elementor-tablet-align-center elementor-mobile-align-left elementor-align-left elementor-widget elementor-widget-button\" data-id=\"90f44cd\" data-element_type=\"widget\" data-widget_type=\"button.default\">\n\t\t\t\t<div class=\"elementor-widget-container\">\n\t\t\t\t\t<div class=\"elementor-button-wrapper\">\n\t\t\t<a class=\"elementor-button elementor-button-link elementor-size-sm\" href=\"https:\/\/riohill.de\/index.php\/kontakt\/\">\n\t\t\t\t\t\t<span class=\"elementor-button-content-wrapper\">\n\t\t\t\t\t\t\t\t\t<span class=\"elementor-button-text\">Termin vereinbaren<\/span>\n\t\t\t\t\t<\/span>\n\t\t\t\t\t<\/a>\n\t\t<\/div>\n\t\t\t\t<\/div>\n\t\t\t\t<\/div>\n\t\t\t\t<\/div>\n\t\t\t\t\t<\/div>\n\t\t\t\t<\/div>\n\t\t<div class=\"elementor-element elementor-element-3f9ac763 e-flex e-con-boxed e-con e-parent\" data-id=\"3f9ac763\" data-element_type=\"container\" data-settings=\"{&quot;background_background&quot;:&quot;classic&quot;}\">\n\t\t\t\t\t<div class=\"e-con-inner\">\n\t\t<div class=\"elementor-element elementor-element-39e884d8 e-con-full e-flex e-con e-child\" data-id=\"39e884d8\" data-element_type=\"container\">\n\t\t\t\t<div class=\"elementor-element elementor-element-29d35b1d elementor-widget-tablet__width-initial elementor-widget-mobile__width-inherit elementor-widget__width-initial elementor-position-top elementor-widget elementor-widget-image-box\" data-id=\"29d35b1d\" data-element_type=\"widget\" data-widget_type=\"image-box.default\">\n\t\t\t\t<div class=\"elementor-widget-container\">\n\t\t\t<div class=\"elementor-image-box-wrapper\"><figure class=\"elementor-image-box-img\"><a href=\"https:\/\/library.elementor.com\/local-services-wireframe-1-flexbox\/services\/#service_1\" tabindex=\"-1\"><img decoding=\"async\" src=\"https:\/\/riohill.de\/wp-content\/uploads\/2024\/09\/AdobeStock_569362134-scaled.jpeg\" title=\"smart house modern kitchen interior\" alt=\"smart house modern kitchen interior\" class=\"elementor-animation-grow\" loading=\"lazy\" \/><\/a><\/figure><div class=\"elementor-image-box-content\"><h4 class=\"elementor-image-box-title\"><a href=\"https:\/\/library.elementor.com\/local-services-wireframe-1-flexbox\/services\/#service_1\">Privatkunden<\/a><\/h4><p class=\"elementor-image-box-description\">Wir planen mit Ihnen ihr smartes Traumhaus<\/p><\/div><\/div>\t\t<\/div>\n\t\t\t\t<\/div>\n\t\t\t\t<div class=\"elementor-element elementor-element-03f5767 elementor-widget-tablet__width-initial elementor-widget-mobile__width-inherit elementor-widget__width-initial elementor-position-top elementor-widget elementor-widget-image-box\" data-id=\"03f5767\" data-element_type=\"widget\" data-widget_type=\"image-box.default\">\n\t\t\t\t<div class=\"elementor-widget-container\">\n\t\t\t<div class=\"elementor-image-box-wrapper\"><figure class=\"elementor-image-box-img\"><a href=\"https:\/\/library.elementor.com\/local-services-wireframe-1-flexbox\/services\/#service_1\" tabindex=\"-1\"><img decoding=\"async\" src=\"https:\/\/riohill.de\/wp-content\/uploads\/2024\/09\/AdobeStock_723121976-1-scaled.jpeg\" title=\"Two business partners colleagues discuss financial and company planning graphs during budget meeting in office, close-up view\" alt=\"Two business partners colleagues discuss financial and company planning graphs during budget meeting in office, close-up view\" class=\"elementor-animation-grow\" loading=\"lazy\" \/><\/a><\/figure><div class=\"elementor-image-box-content\"><h4 class=\"elementor-image-box-title\"><a href=\"https:\/\/library.elementor.com\/local-services-wireframe-1-flexbox\/services\/#service_1\">Planer &amp; Architekten<\/a><\/h4><p class=\"elementor-image-box-description\">Ein Smart Home bietet mehr Gestaltungsm\u00f6glichkeiten f\u00fcr Architekten als herk\u00f6mmliche Bauweisen<\/p><\/div><\/div>\t\t<\/div>\n\t\t\t\t<\/div>\n\t\t\t\t<div class=\"elementor-element elementor-element-c122f9e elementor-widget-tablet__width-initial elementor-widget-mobile__width-inherit elementor-widget__width-initial elementor-position-top elementor-widget elementor-widget-image-box\" data-id=\"c122f9e\" data-element_type=\"widget\" data-widget_type=\"image-box.default\">\n\t\t\t\t<div class=\"elementor-widget-container\">\n\t\t\t<div class=\"elementor-image-box-wrapper\"><figure class=\"elementor-image-box-img\"><a href=\"https:\/\/library.elementor.com\/local-services-wireframe-1-flexbox\/services\/#service_1\" tabindex=\"-1\"><img decoding=\"async\" src=\"https:\/\/riohill.de\/wp-content\/uploads\/2024\/09\/AdobeStock_376167889-scaled.jpeg\" title=\"Electrical engineer using digital multi-meter is measuring equip\" alt=\"Electrical engineer using digital multi-meter is measuring equipment to checking electric current voltage at circuit breaker and cable wiring system in main power distribution board.\" class=\"elementor-animation-grow\" loading=\"lazy\" \/><\/a><\/figure><div class=\"elementor-image-box-content\"><h4 class=\"elementor-image-box-title\"><a href=\"https:\/\/library.elementor.com\/local-services-wireframe-1-flexbox\/services\/#service_1\">Elektrounternehmen<\/a><\/h4><p class=\"elementor-image-box-description\">Wir verstehen uns nicht als Konkurrenz zu Ihrem Elektrounternehmen, sondern als langfristiger KNX-Partner<\/p><\/div><\/div>\t\t<\/div>\n\t\t\t\t<\/div>\n\t\t\t\t<\/div>\n\t\t\t\t\t<\/div>\n\t\t\t\t<\/div>\n\t\t<div class=\"elementor-element elementor-element-ee84551 e-flex e-con-boxed e-con e-parent\" data-id=\"ee84551\" data-element_type=\"container\" data-settings=\"{&quot;background_background&quot;:&quot;classic&quot;}\">\n\t\t\t\t\t<div class=\"e-con-inner\">\n\t\t<div class=\"elementor-element elementor-element-354bed8 e-con-full e-flex e-con e-child\" data-id=\"354bed8\" data-element_type=\"container\" data-settings=\"{&quot;background_background&quot;:&quot;classic&quot;}\">\n\t\t\t\t<div class=\"elementor-element elementor-element-45e65333 elementor-widget elementor-widget-image-box\" data-id=\"45e65333\" data-element_type=\"widget\" data-widget_type=\"image-box.default\">\n\t\t\t\t<div class=\"elementor-widget-container\">\n\t\t\t<div class=\"elementor-image-box-wrapper\"><div class=\"elementor-image-box-content\"><h4 class=\"elementor-image-box-title\">Planung<\/h4><p class=\"elementor-image-box-description\">Die Planung eines neuen KNX-Projektes bedarf einer Expertise und Zeit. Damit Technik wirklich smart ist, braucht es L\u00f6sungen, die genau zu den Menschen passen, die sie benutzen. Daf\u00fcr setzen wir auf Beratung, die Sie als Kunden in den Mittelpunkt stellt. Denn nur so k\u00f6nnen wir Ihnen passgenaue L\u00f6sungen zu Ihren Anforderungen bieten.<\/p><\/div><\/div>\t\t<\/div>\n\t\t\t\t<\/div>\n\t\t\t\t<div class=\"elementor-element elementor-element-7b4b6c97 elementor-widget elementor-widget-image-box\" data-id=\"7b4b6c97\" data-element_type=\"widget\" data-widget_type=\"image-box.default\">\n\t\t\t\t<div class=\"elementor-widget-container\">\n\t\t\t<div class=\"elementor-image-box-wrapper\"><div class=\"elementor-image-box-content\"><h4 class=\"elementor-image-box-title\">Programmierung<\/h4><p class=\"elementor-image-box-description\">Als zertifizierte KNX Partner programmieren und testen wir alle Komponenten, sorgen f\u00fcr eine perfekte Visualisierung und richten alle Funktionen speziell auf Ihre Bed\u00fcrfnisse aus. Nach der Fertigstellung erhalten Sie das vollst\u00e4ndige ETS-Projekt und eine vollst\u00e4ndige Dokumentation (Topologie, Geb\u00e4udereport, Gruppenadressen, St\u00fcckliste, etc.) von uns ausgeh\u00e4ndigt.<\/p><\/div><\/div>\t\t<\/div>\n\t\t\t\t<\/div>\n\t\t\t\t<div class=\"elementor-element elementor-element-68301a57 elementor-widget elementor-widget-image-box\" data-id=\"68301a57\" data-element_type=\"widget\" data-widget_type=\"image-box.default\">\n\t\t\t\t<div class=\"elementor-widget-container\">\n\t\t\t<div class=\"elementor-image-box-wrapper\"><div class=\"elementor-image-box-content\"><h4 class=\"elementor-image-box-title\">Service<\/h4><p class=\"elementor-image-box-description\">Kundenzufriedenheit ist unser Ziel. Deshalb bieten wir Ihnen auch nach Abschluss der letzten Bauphase unsere Service-Leistungen an. Auch wenn Sie eine Immobilie mit bestehender KNX-Programmierung erworben haben, helfen wir Ihnen gerne bei der Optimierung und Wartung.<\/p><\/div><\/div>\t\t<\/div>\n\t\t\t\t<\/div>\n\t\t\t\t<\/div>\n\t\t<div class=\"elementor-element elementor-element-46c71d91 e-con-full e-flex e-con e-child\" data-id=\"46c71d91\" data-element_type=\"container\">\n\t\t\t\t<div class=\"elementor-element elementor-element-3e6c4e7e elementor-widget elementor-widget-text-editor\" data-id=\"3e6c4e7e\" data-element_type=\"widget\" data-widget_type=\"text-editor.default\">\n\t\t\t\t<div class=\"elementor-widget-container\">\n\t\t\t\t\t\t\t<p>Um ein Geb\u00e4ude zukunftssicher zu installieren und auch in ein paar Jahren noch flexibel auf Marktentwicklungen reagieren zu k\u00f6nne ist die Ausstattung von Geb\u00e4ude mit intelligenter Geb\u00e4udetechnik elementar. Das KNX-System ist hier am breitesten aufgestellt und bekommt auch auf dem internationalen Markt immer mehr Bedeutung.<\/p><p>Wenn man mit einer Basisausstattung beginnt hat man in Zukunft alle M\u00f6glichkeiten die Anlage zu erweitern und Smarte Steuerungen zu integrieren. Zentrale Ger\u00e4te wie z.B. der Gira HomeServer k\u00f6nnen nachtr\u00e4glich integriert werden uns somit die APP Steuerung \u00fcber Ihre mobilen Endger\u00e4te erm\u00f6glichen. Auch in diesem Sektor gibt es f\u00fcr jede Anforderung und Geldbeutel eine L\u00f6sung. Fast alle namhaften Hersteller bieten hier entsprechende Ger\u00e4te an.<\/p>\t\t\t\t\t\t<\/div>\n\t\t\t\t<\/div>\n\t\t\t\t<div class=\"elementor-element elementor-element-a627b79 elementor-widget elementor-widget-image\" data-id=\"a627b79\" data-element_type=\"widget\" data-widget_type=\"image.default\">\n\t\t\t\t<div class=\"elementor-widget-container\">\n\t\t\t\t\t\t\t\t\t\t\t\t\t<img decoding=\"async\" width=\"800\" height=\"544\" src=\"https:\/\/riohill.de\/wp-content\/uploads\/2024\/09\/r-architecture-T6d96Qrb5MY-unsplash-1024x696.jpg\" class=\"attachment-large size-large wp-image-46\" alt=\"\" srcset=\"https:\/\/riohill.de\/wp-content\/uploads\/2024\/09\/r-architecture-T6d96Qrb5MY-unsplash-1024x696.jpg 1024w, https:\/\/riohill.de\/wp-content\/uploads\/2024\/09\/r-architecture-T6d96Qrb5MY-unsplash-300x204.jpg 300w, https:\/\/riohill.de\/wp-content\/uploads\/2024\/09\/r-architecture-T6d96Qrb5MY-unsplash-768x522.jpg 768w, https:\/\/riohill.de\/wp-content\/uploads\/2024\/09\/r-architecture-T6d96Qrb5MY-unsplash-1536x1044.jpg 1536w, https:\/\/riohill.de\/wp-content\/uploads\/2024\/09\/r-architecture-T6d96Qrb5MY-unsplash-2048x1393.jpg 2048w\" sizes=\"(max-width: 800px) 100vw, 800px\" \/>\t\t\t\t\t\t\t\t\t\t\t\t\t<\/div>\n\t\t\t\t<\/div>\n\t\t\t\t<\/div>\n\t\t\t\t\t<\/div>\n\t\t\t\t<\/div>\n\t\t\t\t<\/div>\n\t\t","protected":false},"excerpt":{"rendered":"<p>Unsere Leistungen Ganz gleich, ob zukunftsweisender Neubau, intelligenter Umbau, effizientes Energiemanagement oder vernetzte Automatisierung, zusammen mit unseren Partnern stehen wir Ihnen bei Ihrem Projekt zur Seite. Termin vereinbaren Privatkunden Wir planen mit Ihnen ihr smartes Traumhaus Planer &amp; Architekten Ein Smart Home bietet mehr Gestaltungsm\u00f6glichkeiten f\u00fcr Architekten als herk\u00f6mmliche Bauweisen Elektrounternehmen Wir verstehen uns nicht [&hellip;]<\/p>\n","protected":false},"author":1,"featured_media":0,"parent":0,"menu_order":0,"comment_status":"closed","ping_status":"closed","template":"","meta":{"footnotes":""},"class_list":["post-199","page","type-page","status-publish","hentry"],"_links":{"self":[{"href":"https:\/\/riohill.de\/index.php\/wp-json\/wp\/v2\/pages\/199","targetHints":{"allow":["GET"]}}],"collection":[{"href":"https:\/\/riohill.de\/index.php\/wp-json\/wp\/v2\/pages"}],"about":[{"href":"https:\/\/riohill.de\/index.php\/wp-json\/wp\/v2\/types\/page"}],"author":[{"embeddable":true,"href":"https:\/\/riohill.de\/index.php\/wp-json\/wp\/v2\/users\/1"}],"replies":[{"embeddable":true,"href":"https:\/\/riohill.de\/index.php\/wp-json\/wp\/v2\/comments?post=199"}],"version-history":[{"count":32,"href":"https:\/\/riohill.de\/index.php\/wp-json\/wp\/v2\/pages\/199\/revisions"}],"predecessor-version":[{"id":535,"href":"https:\/\/riohill.de\/index.php\/wp-json\/wp\/v2\/pages\/199\/revisions\/535"}],"wp:attachment":[{"href":"https:\/\/riohill.de\/index.php\/wp-json\/wp\/v2\/media?parent=199"}],"curies":[{"name":"wp","href":"https:\/\/api.w.org\/{rel}","templated":true}]}}